{"id":116,"date":"2017-02-16T11:05:27","date_gmt":"2017-02-16T11:05:27","guid":{"rendered":"https:\/\/xml-io.proteusthemes.com\/medicpress\/?page_id=116"},"modified":"2021-03-21T21:43:10","modified_gmt":"2021-03-21T20:43:10","slug":"departments","status":"publish","type":"page","link":"https:\/\/hausarztpraxis-hagen.de\/?page_id=116","title":{"rendered":"Leistungen"},"content":{"rendered":"<div id=\"pl-116\"  class=\"panel-layout\" ><div id=\"pg-116-0\"  class=\"panel-grid panel-no-style\" ><div id=\"pgc-116-0-0\"  class=\"panel-grid-cell\" ><div id=\"panel-116-0-0-0\" class=\"so-panel widget widget_pw_featured_page widget-featured-page panel-first-child panel-last-child\" data-index=\"0\" >\n\t<div class=\"page-box  page-box--block\">\n\t\t\t\t\t\t<a class=\"page-box__picture\" href=\"https:\/\/hausarztpraxis-hagen.de\/?page_id=151\">\n\t\t\t\t\t<img loading=\"lazy\" decoding=\"async\" src=\"https:\/\/hausarztpraxis-hagen.de\/wp-content\/uploads\/2021\/03\/laber-480-350x175.jpg\" width=\"350\" height=\"175\" srcset=\"https:\/\/hausarztpraxis-hagen.de\/wp-content\/uploads\/2021\/03\/laber-480-350x175.jpg 350w, https:\/\/hausarztpraxis-hagen.de\/wp-content\/uploads\/2021\/03\/laber-480.jpg 860w\" sizes=\"auto, (min-width: 1200px) 350px, (min-width: 992px) 290px, (min-width: 768px) 690px, (min-width: 576px) 510px, calc(100vw - 30px)\" class=\"wp-post-image\" alt=\"Laboruntersuchungen\">\n\t\t\t\t\t\t\t\t\t<\/a>\n\t\t\t\t\t\t\t\t<div class=\"page-box__content\">\n\t\t\t<h2 class=\"page-box__title\"><a href=\"https:\/\/hausarztpraxis-hagen.de\/?page_id=151\">Laboruntersuchungen<\/a><\/h2>\n\t\t\t<p class=\"page-box__text\">Laboruntersuchungen\nHeutzutage werden nur noch wenige Laboruntersuchungen vor Ort in den Praxen selbst durchgef\u00fchrt. Hierzu geh\u00f6ren z.B. die &hellip;<\/p>\n\t\t\t\t\t<\/div>\n\t<\/div>\n\n<\/div><\/div><div id=\"pgc-116-0-1\"  class=\"panel-grid-cell\" ><div id=\"panel-116-0-1-0\" class=\"so-panel widget widget_pw_featured_page widget-featured-page panel-first-child panel-last-child\" data-index=\"1\" >\n\t<div class=\"page-box  page-box--block\">\n\t\t\t\t\t\t<a class=\"page-box__picture\" href=\"https:\/\/hausarztpraxis-hagen.de\/?page_id=1246\">\n\t\t\t\t\t<img loading=\"lazy\" decoding=\"async\" src=\"https:\/\/hausarztpraxis-hagen.de\/wp-content\/uploads\/2021\/03\/ultraschall-480-350x175.jpg\" width=\"350\" height=\"175\" srcset=\"https:\/\/hausarztpraxis-hagen.de\/wp-content\/uploads\/2021\/03\/ultraschall-480-350x175.jpg 350w, https:\/\/hausarztpraxis-hagen.de\/wp-content\/uploads\/2021\/03\/ultraschall-480.jpg 860w\" sizes=\"auto, (min-width: 1200px) 350px, (min-width: 992px) 290px, (min-width: 768px) 690px, (min-width: 576px) 510px, calc(100vw - 30px)\" class=\"wp-post-image\" alt=\"Ultraschalluntersuchungen\">\n\t\t\t\t\t\t\t\t\t<\/a>\n\t\t\t\t\t\t\t\t<div class=\"page-box__content\">\n\t\t\t<h2 class=\"page-box__title\"><a href=\"https:\/\/hausarztpraxis-hagen.de\/?page_id=1246\">Ultraschalluntersuchungen<\/a><\/h2>\n\t\t\t<p class=\"page-box__text\">Bauchultraschalluntersuchung\nDie Ultraschalluntersuchung dient der Erkennung von Erkrankungen im Bauch.\nMit Hilfe von Kontaktgel geben wir \u00fcber &hellip;<\/p>\n\t\t\t\t\t<\/div>\n\t<\/div>\n\n<\/div><\/div><div id=\"pgc-116-0-2\"  class=\"panel-grid-cell\" ><div id=\"panel-116-0-2-0\" class=\"so-panel widget widget_pw_featured_page widget-featured-page panel-first-child panel-last-child\" data-index=\"2\" >\n\t<div class=\"page-box  page-box--block\">\n\t\t\t\t\t\t<a class=\"page-box__picture\" href=\"https:\/\/hausarztpraxis-hagen.de\/?page_id=1247\">\n\t\t\t\t\t<img loading=\"lazy\" decoding=\"async\" src=\"https:\/\/hausarztpraxis-hagen.de\/wp-content\/uploads\/2021\/03\/langzeitblut-480-350x175.jpg\" width=\"350\" height=\"175\" srcset=\"https:\/\/hausarztpraxis-hagen.de\/wp-content\/uploads\/2021\/03\/langzeitblut-480-350x175.jpg 350w, https:\/\/hausarztpraxis-hagen.de\/wp-content\/uploads\/2021\/03\/langzeitblut-480.jpg 860w\" sizes=\"auto, (min-width: 1200px) 350px, (min-width: 992px) 290px, (min-width: 768px) 690px, (min-width: 576px) 510px, calc(100vw - 30px)\" class=\"wp-post-image\" alt=\"Langzeitblutdruckmessung\">\n\t\t\t\t\t\t\t\t\t<\/a>\n\t\t\t\t\t\t\t\t<div class=\"page-box__content\">\n\t\t\t<h2 class=\"page-box__title\"><a href=\"https:\/\/hausarztpraxis-hagen.de\/?page_id=1247\">Langzeitblutdruckmessung<\/a><\/h2>\n\t\t\t<p class=\"page-box__text\">Langzeitblutdruckmessung\nBei einer Langzeit-Blutdruckmessung wird der Blutdruck \u00fcber einen Zeitraum von 24 Stunden wiederholt gemessen und auf &hellip;<\/p>\n\t\t\t\t\t<\/div>\n\t<\/div>\n\n<\/div><\/div><\/div><div id=\"pg-116-1\"  class=\"panel-grid panel-no-style\" ><div id=\"pgc-116-1-0\"  class=\"panel-grid-cell\" ><div id=\"panel-116-1-0-0\" class=\"so-panel widget widget_pw_featured_page widget-featured-page panel-first-child panel-last-child\" data-index=\"3\" >\n\t<div class=\"page-box  page-box--block\">\n\t\t\t\t\t\t<a class=\"page-box__picture\" href=\"https:\/\/hausarztpraxis-hagen.de\/?page_id=1248\">\n\t\t\t\t\t<img loading=\"lazy\" decoding=\"async\" src=\"https:\/\/hausarztpraxis-hagen.de\/wp-content\/uploads\/2021\/03\/langzeit-ekg2-480-350x175.jpg\" width=\"350\" height=\"175\" srcset=\"https:\/\/hausarztpraxis-hagen.de\/wp-content\/uploads\/2021\/03\/langzeit-ekg2-480-350x175.jpg 350w, https:\/\/hausarztpraxis-hagen.de\/wp-content\/uploads\/2021\/03\/langzeit-ekg2-480.jpg 860w\" sizes=\"auto, (min-width: 1200px) 350px, (min-width: 992px) 290px, (min-width: 768px) 690px, (min-width: 576px) 510px, calc(100vw - 30px)\" class=\"wp-post-image\" alt=\"EKG, Langzeit-EKG\">\n\t\t\t\t\t\t\t\t\t<\/a>\n\t\t\t\t\t\t\t\t<div class=\"page-box__content\">\n\t\t\t<h2 class=\"page-box__title\"><a href=\"https:\/\/hausarztpraxis-hagen.de\/?page_id=1248\">EKG, Langzeit-EKG<\/a><\/h2>\n\t\t\t<p class=\"page-box__text\">Was ist eine EKG und Langzeit-EKG?\nBei einem EKG werden die elektrischen Impulse des Herzens sichtbar gemacht, was R\u00fcckschl\u00fcsse auf den Rhythmus &hellip;<\/p>\n\t\t\t\t\t<\/div>\n\t<\/div>\n\n<\/div><\/div><div id=\"pgc-116-1-1\"  class=\"panel-grid-cell\" ><div id=\"panel-116-1-1-0\" class=\"so-panel widget widget_pw_featured_page widget-featured-page panel-first-child panel-last-child\" data-index=\"4\" >\n\t<div class=\"page-box  page-box--block\">\n\t\t\t\t\t\t<a class=\"page-box__picture\" href=\"https:\/\/hausarztpraxis-hagen.de\/?page_id=1868\">\n\t\t\t\t\t<img loading=\"lazy\" decoding=\"async\" src=\"https:\/\/hausarztpraxis-hagen.de\/wp-content\/uploads\/2021\/03\/belastungs-ekg-480-350x175.jpg\" width=\"350\" height=\"175\" srcset=\"https:\/\/hausarztpraxis-hagen.de\/wp-content\/uploads\/2021\/03\/belastungs-ekg-480-350x175.jpg 350w, https:\/\/hausarztpraxis-hagen.de\/wp-content\/uploads\/2021\/03\/belastungs-ekg-480.jpg 860w\" sizes=\"auto, (min-width: 1200px) 350px, (min-width: 992px) 290px, (min-width: 768px) 690px, (min-width: 576px) 510px, calc(100vw - 30px)\" class=\"wp-post-image\" alt=\"Belastungs-EKG\">\n\t\t\t\t\t\t\t\t\t<\/a>\n\t\t\t\t\t\t\t\t<div class=\"page-box__content\">\n\t\t\t<h2 class=\"page-box__title\"><a href=\"https:\/\/hausarztpraxis-hagen.de\/?page_id=1868\">Belastungs-EKG<\/a><\/h2>\n\t\t\t<p class=\"page-box__text\">Was ist ein Belastungs EKG?\nBeim Belastungs-EKG wird der Patient auf einem fahrrad \u00e4hnlichen Ger\u00e4t unter steigender Intensit\u00e4t belastet. Dabei &hellip;<\/p>\n\t\t\t\t\t<\/div>\n\t<\/div>\n\n<\/div><\/div><div id=\"pgc-116-1-2\"  class=\"panel-grid-cell\" ><div id=\"panel-116-1-2-0\" class=\"so-panel widget widget_pw_featured_page widget-featured-page panel-first-child panel-last-child\" data-index=\"5\" >\n\t<div class=\"page-box  page-box--block\">\n\t\t\t\t\t\t<a class=\"page-box__picture\" href=\"https:\/\/hausarztpraxis-hagen.de\/?page_id=1245\">\n\t\t\t\t\t<img loading=\"lazy\" decoding=\"async\" src=\"https:\/\/hausarztpraxis-hagen.de\/wp-content\/uploads\/2021\/03\/impfungen-480-350x175.jpg\" width=\"350\" height=\"175\" srcset=\"https:\/\/hausarztpraxis-hagen.de\/wp-content\/uploads\/2021\/03\/impfungen-480-350x175.jpg 350w, https:\/\/hausarztpraxis-hagen.de\/wp-content\/uploads\/2021\/03\/impfungen-480.jpg 860w\" sizes=\"auto, (min-width: 1200px) 350px, (min-width: 992px) 290px, (min-width: 768px) 690px, (min-width: 576px) 510px, calc(100vw - 30px)\" class=\"wp-post-image\" alt=\"Impfungen\">\n\t\t\t\t\t\t\t\t\t<\/a>\n\t\t\t\t\t\t\t\t<div class=\"page-box__content\">\n\t\t\t<h2 class=\"page-box__title\"><a href=\"https:\/\/hausarztpraxis-hagen.de\/?page_id=1245\">Impfungen<\/a><\/h2>\n\t\t\t<p class=\"page-box__text\">Impfungen\ngeh\u00f6ren zu den wichtigsten und wirksamsten Pr\u00e4ventionsma\u00dfnahmen, die in der Medizin zur Verf\u00fcgung stehen. Moderne Impfstoffe sind &hellip;<\/p>\n\t\t\t\t\t<\/div>\n\t<\/div>\n\n<\/div><\/div><\/div><div id=\"pg-116-2\"  class=\"panel-grid panel-no-style\" ><div id=\"pgc-116-2-0\"  class=\"panel-grid-cell\" ><div id=\"panel-116-2-0-0\" class=\"so-panel widget widget_pw_featured_page widget-featured-page panel-first-child panel-last-child\" data-index=\"6\" >\n\t<div class=\"page-box  page-box--block\">\n\t\t\t\t\t\t<a class=\"page-box__picture\" href=\"https:\/\/hausarztpraxis-hagen.de\/?page_id=1866\">\n\t\t\t\t\t<img loading=\"lazy\" decoding=\"async\" src=\"https:\/\/hausarztpraxis-hagen.de\/wp-content\/uploads\/2021\/03\/dm2-480-350x175.jpg\" width=\"350\" height=\"175\" srcset=\"https:\/\/hausarztpraxis-hagen.de\/wp-content\/uploads\/2021\/03\/dm2-480-350x175.jpg 350w, https:\/\/hausarztpraxis-hagen.de\/wp-content\/uploads\/2021\/03\/dm2-480.jpg 860w\" sizes=\"auto, (min-width: 1200px) 350px, (min-width: 992px) 290px, (min-width: 768px) 690px, (min-width: 576px) 510px, calc(100vw - 30px)\" class=\"wp-post-image\" alt=\"DMP-Untersuchungen\">\n\t\t\t\t\t\t\t\t\t<\/a>\n\t\t\t\t\t\t\t\t<div class=\"page-box__content\">\n\t\t\t<h2 class=\"page-box__title\"><a href=\"https:\/\/hausarztpraxis-hagen.de\/?page_id=1866\">DMP-Untersuchungen<\/a><\/h2>\n\t\t\t<p class=\"page-box__text\">Desease-Management-Program (DMP)\nEs handelt sich um strukturiete Untersuchungsprogramme f\u00fcr chronische Erkrankungen, die einer besonderen Behandlung &hellip;<\/p>\n\t\t\t\t\t<\/div>\n\t<\/div>\n\n<\/div><\/div><div id=\"pgc-116-2-1\"  class=\"panel-grid-cell\" ><div id=\"panel-116-2-1-0\" class=\"so-panel widget widget_pw_featured_page widget-featured-page panel-first-child panel-last-child\" data-index=\"7\" >\n\t<div class=\"page-box  page-box--block\">\n\t\t\t\t\t\t<a class=\"page-box__picture\" href=\"https:\/\/hausarztpraxis-hagen.de\/?page_id=1867\">\n\t\t\t\t\t<img loading=\"lazy\" decoding=\"async\" src=\"https:\/\/hausarztpraxis-hagen.de\/wp-content\/uploads\/2021\/03\/vorgesund2-480-350x175.jpg\" width=\"350\" height=\"175\" srcset=\"https:\/\/hausarztpraxis-hagen.de\/wp-content\/uploads\/2021\/03\/vorgesund2-480-350x175.jpg 350w, https:\/\/hausarztpraxis-hagen.de\/wp-content\/uploads\/2021\/03\/vorgesund2-480.jpg 860w\" sizes=\"auto, (min-width: 1200px) 350px, (min-width: 992px) 290px, (min-width: 768px) 690px, (min-width: 576px) 510px, calc(100vw - 30px)\" class=\"wp-post-image\" alt=\"Vorsorgeuntersuchungen\">\n\t\t\t\t\t\t\t\t\t<\/a>\n\t\t\t\t\t\t\t\t<div class=\"page-box__content\">\n\t\t\t<h2 class=\"page-box__title\"><a href=\"https:\/\/hausarztpraxis-hagen.de\/?page_id=1867\">Vorsorgeuntersuchungen<\/a><\/h2>\n\t\t\t<p class=\"page-box__text\">Vorsorgeuntersuchungen Was ist das?\nDie Gesundheitsuntersuchung, auch als 'Check up' bekannt, ist eine sehr sinnvolle Untersuchung, die der Bev\u00f6lkerung &hellip;<\/p>\n\t\t\t\t\t<\/div>\n\t<\/div>\n\n<\/div><\/div><div id=\"pgc-116-2-2\"  class=\"panel-grid-cell\" ><div id=\"panel-116-2-2-0\" class=\"so-panel widget widget_pw_featured_page widget-featured-page panel-first-child panel-last-child\" data-index=\"8\" >\n\t<div class=\"page-box  page-box--block\">\n\t\t\t\t\t\t<a class=\"page-box__picture\" href=\"https:\/\/hausarztpraxis-hagen.de\/?page_id=1865\">\n\t\t\t\t\t<img loading=\"lazy\" decoding=\"async\" src=\"https:\/\/hausarztpraxis-hagen.de\/wp-content\/uploads\/2021\/03\/vorgesund-480-350x175.jpg\" width=\"350\" height=\"175\" srcset=\"https:\/\/hausarztpraxis-hagen.de\/wp-content\/uploads\/2021\/03\/vorgesund-480-350x175.jpg 350w, https:\/\/hausarztpraxis-hagen.de\/wp-content\/uploads\/2021\/03\/vorgesund-480.jpg 860w\" sizes=\"auto, (min-width: 1200px) 350px, (min-width: 992px) 290px, (min-width: 768px) 690px, (min-width: 576px) 510px, calc(100vw - 30px)\" class=\"wp-post-image\" alt=\"Psychosomatische Grundversorgung\">\n\t\t\t\t\t\t\t\t\t<\/a>\n\t\t\t\t\t\t\t\t<div class=\"page-box__content\">\n\t\t\t<h2 class=\"page-box__title\"><a href=\"https:\/\/hausarztpraxis-hagen.de\/?page_id=1865\">Psychosomatische Grundversorgung<\/a><\/h2>\n\t\t\t<p class=\"page-box__text\">Psychosomatische Grundversorgung\nWenn man f\u00fcr k\u00f6rperliche Beschwerden wie zum Beispiel Kopfschmerzen oder Verdauungsbeschwerden keine organische &hellip;<\/p>\n\t\t\t\t\t<\/div>\n\t<\/div>\n\n<\/div><\/div><\/div><div id=\"pg-116-3\"  class=\"panel-grid panel-no-style\" ><div id=\"pgc-116-3-0\"  class=\"panel-grid-cell\" ><div id=\"panel-116-3-0-0\" class=\"so-panel widget widget_pw_featured_page widget-featured-page panel-first-child panel-last-child\" data-index=\"9\" >\n\t<div class=\"page-box  page-box--block\">\n\t\t\t\t\t\t<a class=\"page-box__picture\" href=\"https:\/\/hausarztpraxis-hagen.de\/?page_id=1848\">\n\t\t\t\t\t<img loading=\"lazy\" decoding=\"async\" src=\"https:\/\/hausarztpraxis-hagen.de\/wp-content\/uploads\/2021\/03\/Grundversorgung-480-350x175.jpg\" width=\"350\" height=\"175\" srcset=\"https:\/\/hausarztpraxis-hagen.de\/wp-content\/uploads\/2021\/03\/Grundversorgung-480-350x175.jpg 350w, https:\/\/hausarztpraxis-hagen.de\/wp-content\/uploads\/2021\/03\/Grundversorgung-480.jpg 860w\" sizes=\"auto, (min-width: 1200px) 350px, (min-width: 992px) 290px, (min-width: 768px) 690px, (min-width: 576px) 510px, calc(100vw - 30px)\" class=\"wp-post-image\" alt=\"Hausbesuche\">\n\t\t\t\t\t\t\t\t\t<\/a>\n\t\t\t\t\t\t\t\t<div class=\"page-box__content\">\n\t\t\t<h2 class=\"page-box__title\"><a href=\"https:\/\/hausarztpraxis-hagen.de\/?page_id=1848\">Hausbesuche<\/a><\/h2>\n\t\t\t<p class=\"page-box__text\">Hausbesuche\nwerden bei hochbetagten und gehbehinderten Patienten wie zum Beispiel Heimpatienten nach Absprache durchgef\u00fchrt.\nAn Abenden und &hellip;<\/p>\n\t\t\t\t\t<\/div>\n\t<\/div>\n\n<\/div><\/div><div id=\"pgc-116-3-1\"  class=\"panel-grid-cell panel-grid-cell-empty panel-grid-cell-mobile-last\" ><\/div><div id=\"pgc-116-3-2\"  class=\"panel-grid-cell panel-grid-cell-empty\" ><\/div><\/div><\/div>","protected":false},"excerpt":{"rendered":"<p>Laboruntersuchungen Laboruntersuchungen Heutzutage werden nur noch wenige Laboruntersuchungen vor Ort in den Praxen selbst durchgef\u00fchrt. Hierzu geh\u00f6ren z.B. die &hellip; Ultraschalluntersuchungen Bauchultraschalluntersuchung Die Ultraschalluntersuchung dient der Erkennung von Erkrankungen im Bauch. Mit Hilfe von Kontaktgel geben wir \u00fcber &hellip; Langzeitblutdruckmessung Langzeitblutdruckmessung Bei einer Langzeit-Blutdruckmessung wird der Blutdruck \u00fcber einen Zeitraum von 24 Stunden wiederholt gemessen &hellip;<\/p>\n","protected":false},"author":1,"featured_media":0,"parent":0,"menu_order":0,"comment_status":"closed","ping_status":"closed","template":"","meta":{"footnotes":""},"class_list":{"0":"post-116","1":"page","2":"type-page","3":"status-publish","5":"clearfix","6":"article"},"acf":[],"_links":{"self":[{"href":"https:\/\/hausarztpraxis-hagen.de\/index.php?rest_route=\/wp\/v2\/pages\/116","targetHints":{"allow":["GET"]}}],"collection":[{"href":"https:\/\/hausarztpraxis-hagen.de\/index.php?rest_route=\/wp\/v2\/pages"}],"about":[{"href":"https:\/\/hausarztpraxis-hagen.de\/index.php?rest_route=\/wp\/v2\/types\/page"}],"author":[{"embeddable":true,"href":"https:\/\/hausarztpraxis-hagen.de\/index.php?rest_route=\/wp\/v2\/users\/1"}],"replies":[{"embeddable":true,"href":"https:\/\/hausarztpraxis-hagen.de\/index.php?rest_route=%2Fwp%2Fv2%2Fcomments&post=116"}],"version-history":[{"count":10,"href":"https:\/\/hausarztpraxis-hagen.de\/index.php?rest_route=\/wp\/v2\/pages\/116\/revisions"}],"predecessor-version":[{"id":989,"href":"https:\/\/hausarztpraxis-hagen.de\/index.php?rest_route=\/wp\/v2\/pages\/116\/revisions\/989"}],"wp:attachment":[{"href":"https:\/\/hausarztpraxis-hagen.de\/index.php?rest_route=%2Fwp%2Fv2%2Fmedia&parent=116"}],"curies":[{"name":"wp","href":"https:\/\/api.w.org\/{rel}","templated":true}]}}