{"id":1848,"date":"2021-03-21T21:00:28","date_gmt":"2021-03-21T20:00:28","guid":{"rendered":"https:\/\/hausarztpraxis-hagen.de\/?page_id=1848"},"modified":"2021-03-22T08:20:17","modified_gmt":"2021-03-22T07:20:17","slug":"hausbesuche","status":"publish","type":"page","link":"https:\/\/hausarztpraxis-hagen.de\/?page_id=1848","title":{"rendered":"Hausbesuche"},"content":{"rendered":"<div id=\"pl-1848\"  class=\"panel-layout\" ><div id=\"pg-1848-0\"  class=\"panel-grid panel-no-style\" ><div id=\"pgc-1848-0-0\"  class=\"panel-grid-cell\" ><div id=\"panel-1848-0-0-0\" class=\"so-panel widget widget_sow-editor panel-first-child panel-last-child\" data-index=\"0\" ><div\n\t\t\t\n\t\t\tclass=\"so-widget-sow-editor so-widget-sow-editor-base\"\n\t\t\t\n\t\t>\n<div class=\"siteorigin-widget-tinymce textwidget\">\n\t<h3><strong>Hausbesuche<\/strong><\/h3>\n<p>werden bei hochbetagten und gehbehinderten Patienten wie zum Beispiel Heimpatienten nach Absprache durchgef\u00fchrt.<\/p>\n<p>An Abenden und Wochenenden au\u00dferhalb der Sprechstundenzeiten besteht die M\u00f6glichkeit \u00fcber die Telefonnummer 116 117 den haus\u00e4rztlichen Dienst in Anspruch zu nehmen.<\/p>\n<p>In dringenden Notf\u00e4llen, in denen unverz\u00fcglich Hilfe n\u00f6tig ist, m\u00fcssen Sie \u00fcber 112 sofortige Hilfe durch Rettungswagen und Notarzt anfordern.<\/p>\n<\/div>\n<\/div><\/div><\/div><div id=\"pgc-1848-0-1\"  class=\"panel-grid-cell\" ><div id=\"panel-1848-0-1-0\" class=\"so-panel widget widget_pw_person_profile widget-person-profile panel-first-child panel-last-child\" data-index=\"1\" >\n\t<div class=\"person-profile  h-card\">\n\t\t\t\t\t\t\t\t\t\t<div class=\"person-profile__carousel\" >\n\t\t\t\t\t\t\t\t\t<div class=\"person-profile__carousel-item\">\n\t\t\t\t\t\t\t\t\t\t\t\t\t<img decoding=\"async\" class=\"person-profile__image  wp-post-image  u-photo\" src=\"https:\/\/hausarztpraxis-hagen.de\/wp-content\/uploads\/2021\/03\/dr.med_.serdar.oez_.jpg\" alt=\"Bild von Dr. med. Serdar \u00d6zdogan\">\n\t\t\t\t\t\t\t\t\t\t\t<\/div>\n\t\t\t\t\t\t\t<\/div>\n\t\t\t\t<div class=\"person-profile__container\">\n\t\t\t<div class=\"person-profile__basic-info\">\n\t\t\t\t\t\t\t\t\t<h4 class=\"person-profile__name  p-name\">\n\t\t\t\t\t\t\t\t\t\tDr. med. Serdar \u00d6zdogan\t\t\t\t\t\t\t\t\t\t<\/h4>\n\t\t\t\t\n\t\t\t\t\n\t\t\t<\/div>\n\n\t\t\t\n\t\t\t\t\t\t\t<div class=\"person-profile__specific-location\">\n\t\t\t\t\tFacharzt\t\t\t\t<\/div>\n\t\t\t\n\t\t\t\t\t\t\t<div class=\"person-profile__icon-list  icon-list\">\n\t\t\t\t\t\t\t\t\t\t\t<div class=\"icon-list__item  icon-list__item--default\">\n\t\t\t\t\t\t\t<i class=\"fa  fa-angle-right\" aria-hidden=\"true\"><\/i>\n\t\t\t\t\t\t\t\t\t\t\t\t\t\t\t<div class=\"icon-list__text\">\n\t\t\t\t\t\t\t\t\tInnere Medizin\t\t\t\t\t\t\t\t<\/div>\n\t\t\t\t\t\t\t\t\t\t\t\t\t<\/div>\n\t\t\t\t\t\t\t\t\t\t\t<div class=\"icon-list__item  icon-list__item--default\">\n\t\t\t\t\t\t\t<i class=\"fa  fa-angle-right\" aria-hidden=\"true\"><\/i>\n\t\t\t\t\t\t\t\t\t\t\t\t\t\t\t<div class=\"icon-list__text\">\n\t\t\t\t\t\t\t\t\tGeriatrie\t\t\t\t\t\t\t\t<\/div>\n\t\t\t\t\t\t\t\t\t\t\t\t\t<\/div>\n\t\t\t\t\t\t\t\t\t\t\t<a href=\"mailto:info@hausarztpraxis-hagen.de\" class=\"icon-list__item  icon-list__item--default\">\n\t\t\t\t\t\t\t<i class=\"fa  fa-envelope-o\" aria-hidden=\"true\"><\/i>\n\t\t\t\t\t\t\t\t\t\t\t\t\t\t\t<div class=\"icon-list__text\">\n\t\t\t\t\t\t\t\t\tinfo@hausarztpraxis-hagen.de\t\t\t\t\t\t\t\t<\/div>\n\t\t\t\t\t\t\t\t\t\t\t\t\t<\/a>\n\t\t\t\t\t\t\t\t\t\t\t<div class=\"icon-list__item  icon-list__item--featured\">\n\t\t\t\t\t\t\t<i class=\"fa  fa-phone\" aria-hidden=\"true\"><\/i>\n\t\t\t\t\t\t\t\t\t\t\t\t\t\t<div class=\"icon-list__content\">\n\t\t\t\t\t\t\t\t<div class=\"icon-list__description\">\n\t\t\t\t\t\t\t\t\tNotfallnummer\t\t\t\t\t\t\t\t<\/div>\n\t\t\t\t\t\t\t\t\t\t\t\t\t\t\t<div class=\"icon-list__text\">\n\t\t\t\t\t\t\t\t\t+49 (0) 2331 48 355 33\t\t\t\t\t\t\t\t<\/div>\n\t\t\t\t\t\t\t\t\t\t\t\t\t\t<\/div>\n\t\t\t\t\t\t\t\t\t\t\t\t\t<\/div>\n\t\t\t\t\t\t\t\t\t<\/div>\n\t\t\t\n\t\t\t\t\t\t\t<a class=\"btn  btn-secondary  btn-block  person-profile__button\" href=\"https:\/\/hausarztpraxis-hagen.de\/?page_id=255\" target=\"_self\">Profil anzeigen<\/a>\n\t\t\t\n\t\t<\/div>\n\t<\/div>\n\n<\/div><\/div><\/div><\/div>","protected":false},"excerpt":{"rendered":"<p>Hausbesuche werden bei hochbetagten und gehbehinderten Patienten wie zum Beispiel Heimpatienten nach Absprache durchgef\u00fchrt. An Abenden und Wochenenden au\u00dferhalb der Sprechstundenzeiten besteht die M\u00f6glichkeit \u00fcber die Telefonnummer 116 117 den haus\u00e4rztlichen Dienst in Anspruch zu nehmen. In dringenden Notf\u00e4llen, in denen unverz\u00fcglich Hilfe n\u00f6tig ist, m\u00fcssen Sie \u00fcber 112 sofortige Hilfe durch Rettungswagen und Notarzt &hellip;<\/p>\n","protected":false},"author":1,"featured_media":1902,"parent":116,"menu_order":0,"comment_status":"closed","ping_status":"closed","template":"","meta":{"footnotes":""},"class_list":{"0":"post-1848","1":"page","2":"type-page","3":"status-publish","4":"has-post-thumbnail","6":"clearfix","7":"article"},"acf":[],"_links":{"self":[{"href":"https:\/\/hausarztpraxis-hagen.de\/index.php?rest_route=\/wp\/v2\/pages\/1848","targetHints":{"allow":["GET"]}}],"collection":[{"href":"https:\/\/hausarztpraxis-hagen.de\/index.php?rest_route=\/wp\/v2\/pages"}],"about":[{"href":"https:\/\/hausarztpraxis-hagen.de\/index.php?rest_route=\/wp\/v2\/types\/page"}],"author":[{"embeddable":true,"href":"https:\/\/hausarztpraxis-hagen.de\/index.php?rest_route=\/wp\/v2\/users\/1"}],"replies":[{"embeddable":true,"href":"https:\/\/hausarztpraxis-hagen.de\/index.php?rest_route=%2Fwp%2Fv2%2Fcomments&post=1848"}],"version-history":[{"count":10,"href":"https:\/\/hausarztpraxis-hagen.de\/index.php?rest_route=\/wp\/v2\/pages\/1848\/revisions"}],"predecessor-version":[{"id":1852,"href":"https:\/\/hausarztpraxis-hagen.de\/index.php?rest_route=\/wp\/v2\/pages\/1848\/revisions\/1852"}],"up":[{"embeddable":true,"href":"https:\/\/hausarztpraxis-hagen.de\/index.php?rest_route=\/wp\/v2\/pages\/116"}],"wp:featuredmedia":[{"embeddable":true,"href":"https:\/\/hausarztpraxis-hagen.de\/index.php?rest_route=\/wp\/v2\/media\/1902"}],"wp:attachment":[{"href":"https:\/\/hausarztpraxis-hagen.de\/index.php?rest_route=%2Fwp%2Fv2%2Fmedia&parent=1848"}],"curies":[{"name":"wp","href":"https:\/\/api.w.org\/{rel}","templated":true}]}}