{"id":1865,"date":"2021-03-21T21:15:30","date_gmt":"2021-03-21T20:15:30","guid":{"rendered":"https:\/\/hausarztpraxis-hagen.de\/?page_id=1865"},"modified":"2021-03-22T08:21:34","modified_gmt":"2021-03-22T07:21:34","slug":"psychosomatische-grundversorgung","status":"publish","type":"page","link":"https:\/\/hausarztpraxis-hagen.de\/?page_id=1865","title":{"rendered":"Psychosomatische Grundversorgung"},"content":{"rendered":"<div id=\"pl-1865\"  class=\"panel-layout\" ><div id=\"pg-1865-0\"  class=\"panel-grid panel-no-style\" ><div id=\"pgc-1865-0-0\"  class=\"panel-grid-cell\" ><div id=\"panel-1865-0-0-0\" class=\"so-panel widget widget_sow-editor panel-first-child panel-last-child\" data-index=\"0\" ><div\n\t\t\t\n\t\t\tclass=\"so-widget-sow-editor so-widget-sow-editor-base\"\n\t\t\t\n\t\t>\n<div class=\"siteorigin-widget-tinymce textwidget\">\n\t<h3>Psychosomatische Grundversorgung<\/h3>\n<p>Wenn man f\u00fcr k\u00f6rperliche Beschwerden wie zum Beispiel Kopfschmerzen oder Verdauungsbeschwerden keine organische Ursache feststellt, kann es sein, dass diese Beschwerden nur ein k\u00f6rperlicher Ausdruck f\u00fcr Probleme sind, die sich in anderen Organen abspielen. Und manchmal ist es das Nervensystem, die mit Ihren Aufgaben nicht mehr zurechtkommt. Ob eine oder anderer Erkrankung tats\u00e4chlich mit der Psyche zu tun hat, versucht man in der psychosomatischen Sprechstunde zu kl\u00e4ren.<\/p>\n<p>Es ist \u00a0manchmal leicht, alles \u201eauf die Psyche schieben\u201c, aber man soll auch die Zusammenh\u00e4nge nicht \u00fcbersehen. Manchmal ist diese Kl\u00e4rung nicht ganz einfach. Sehr viele Erkrankungen haben einen psychosomatischen Hintergrund. Gerade in der heutigen Zeit mit vielen Stressfaktoren durch Beruf und\/oder Familie nimmt der Anteil der Krankheiten, die psychosomatisch beeinflusst sind, immer mehr zu. Laut Studien, etwa 70-80% den Krankheitszust\u00e4nden haben einen mehr oder weniger ausgepr\u00e4gten psychosomatischen Hintergrund.<\/p>\n<p>Es geht aber auch f\u00fcr die Betroffenen oft darum, manche unn\u00f6tige, sogar riskante Untersuchungen und Behandlungen zu vermeiden.<\/p>\n<p>Nach einer entsprechenden Fortbildung kann ein Hausarzt, die psychosomatische Grundversorgung durchf\u00fchren. Langj\u00e4hrige Patientenbeziehungen erm\u00f6glichen die Krankheiten ganzheitlich zu sehen. Oft sind die Krankheitsursachen nicht gleich offensichtlich, k\u00f6nnen aber durch die Gespr\u00e4che in der Sprechstunde gemeinsam herausgefunden werden. Dadurch wird auch eine bessere Therapiestrategie m\u00f6glich.<\/p>\n<\/div>\n<\/div><\/div><\/div><\/div><div id=\"pg-1865-1\"  class=\"panel-grid panel-no-style\" ><div id=\"pgc-1865-1-0\"  class=\"panel-grid-cell\" ><div id=\"panel-1865-1-0-0\" class=\"so-panel widget widget_sow-editor panel-first-child panel-last-child\" data-index=\"1\" ><div\n\t\t\t\n\t\t\tclass=\"so-widget-sow-editor so-widget-sow-editor-base\"\n\t\t\t\n\t\t>\n<div class=\"siteorigin-widget-tinymce textwidget\">\n\t<p><a href=\"https:\/\/hausarztpraxis-hagen.de\/wp-content\/uploads\/2021\/03\/Grundversorgung-480.jpg\"><img loading=\"lazy\" decoding=\"async\" class=\"wp-image-1902 size-full\" src=\"https:\/\/hausarztpraxis-hagen.de\/wp-content\/uploads\/2021\/03\/Grundversorgung-480.jpg\" alt=\"\" width=\"860\" height=\"430\" srcset=\"https:\/\/hausarztpraxis-hagen.de\/wp-content\/uploads\/2021\/03\/Grundversorgung-480.jpg 860w, https:\/\/hausarztpraxis-hagen.de\/wp-content\/uploads\/2021\/03\/Grundversorgung-480-300x150.jpg 300w, https:\/\/hausarztpraxis-hagen.de\/wp-content\/uploads\/2021\/03\/Grundversorgung-480-768x384.jpg 768w, https:\/\/hausarztpraxis-hagen.de\/wp-content\/uploads\/2021\/03\/Grundversorgung-480-350x175.jpg 350w, https:\/\/hausarztpraxis-hagen.de\/wp-content\/uploads\/2021\/03\/Grundversorgung-480-600x300.jpg 600w\" sizes=\"auto, (max-width: 860px) 100vw, 860px\" \/><\/a><\/p>\n<\/div>\n<\/div><\/div><\/div><div id=\"pgc-1865-1-1\"  class=\"panel-grid-cell\" ><div id=\"panel-1865-1-1-0\" class=\"so-panel widget widget_sow-editor panel-first-child panel-last-child\" data-index=\"2\" ><div\n\t\t\t\n\t\t\tclass=\"so-widget-sow-editor so-widget-sow-editor-base\"\n\t\t\t\n\t\t>\n<div class=\"siteorigin-widget-tinymce textwidget\">\n\t<p><a href=\"https:\/\/hausarztpraxis-hagen.de\/wp-content\/uploads\/2021\/03\/Grundversorgung2-480.jpg\"><img loading=\"lazy\" decoding=\"async\" class=\"wp-image-1903 size-full\" src=\"https:\/\/hausarztpraxis-hagen.de\/wp-content\/uploads\/2021\/03\/Grundversorgung2-480.jpg\" alt=\"\" width=\"860\" height=\"430\" srcset=\"https:\/\/hausarztpraxis-hagen.de\/wp-content\/uploads\/2021\/03\/Grundversorgung2-480.jpg 860w, https:\/\/hausarztpraxis-hagen.de\/wp-content\/uploads\/2021\/03\/Grundversorgung2-480-300x150.jpg 300w, https:\/\/hausarztpraxis-hagen.de\/wp-content\/uploads\/2021\/03\/Grundversorgung2-480-768x384.jpg 768w, https:\/\/hausarztpraxis-hagen.de\/wp-content\/uploads\/2021\/03\/Grundversorgung2-480-350x175.jpg 350w, https:\/\/hausarztpraxis-hagen.de\/wp-content\/uploads\/2021\/03\/Grundversorgung2-480-600x300.jpg 600w\" sizes=\"auto, (max-width: 860px) 100vw, 860px\" \/><\/a><\/p>\n<\/div>\n<\/div><\/div><\/div><\/div><\/div>","protected":false},"excerpt":{"rendered":"<p>Psychosomatische Grundversorgung Wenn man f\u00fcr k\u00f6rperliche Beschwerden wie zum Beispiel Kopfschmerzen oder Verdauungsbeschwerden keine organische Ursache feststellt, kann es sein, dass diese Beschwerden nur ein k\u00f6rperlicher Ausdruck f\u00fcr Probleme sind, die sich in anderen Organen abspielen. Und manchmal ist es das Nervensystem, die mit Ihren Aufgaben nicht mehr zurechtkommt. Ob eine oder anderer Erkrankung tats\u00e4chlich &hellip;<\/p>\n","protected":false},"author":1,"featured_media":1897,"parent":116,"menu_order":0,"comment_status":"closed","ping_status":"closed","template":"","meta":{"footnotes":""},"class_list":{"0":"post-1865","1":"page","2":"type-page","3":"status-publish","4":"has-post-thumbnail","6":"clearfix","7":"article"},"acf":[],"_links":{"self":[{"href":"https:\/\/hausarztpraxis-hagen.de\/index.php?rest_route=\/wp\/v2\/pages\/1865","targetHints":{"allow":["GET"]}}],"collection":[{"href":"https:\/\/hausarztpraxis-hagen.de\/index.php?rest_route=\/wp\/v2\/pages"}],"about":[{"href":"https:\/\/hausarztpraxis-hagen.de\/index.php?rest_route=\/wp\/v2\/types\/page"}],"author":[{"embeddable":true,"href":"https:\/\/hausarztpraxis-hagen.de\/index.php?rest_route=\/wp\/v2\/users\/1"}],"replies":[{"embeddable":true,"href":"https:\/\/hausarztpraxis-hagen.de\/index.php?rest_route=%2Fwp%2Fv2%2Fcomments&post=1865"}],"version-history":[{"count":5,"href":"https:\/\/hausarztpraxis-hagen.de\/index.php?rest_route=\/wp\/v2\/pages\/1865\/revisions"}],"predecessor-version":[{"id":1920,"href":"https:\/\/hausarztpraxis-hagen.de\/index.php?rest_route=\/wp\/v2\/pages\/1865\/revisions\/1920"}],"up":[{"embeddable":true,"href":"https:\/\/hausarztpraxis-hagen.de\/index.php?rest_route=\/wp\/v2\/pages\/116"}],"wp:featuredmedia":[{"embeddable":true,"href":"https:\/\/hausarztpraxis-hagen.de\/index.php?rest_route=\/wp\/v2\/media\/1897"}],"wp:attachment":[{"href":"https:\/\/hausarztpraxis-hagen.de\/index.php?rest_route=%2Fwp%2Fv2%2Fmedia&parent=1865"}],"curies":[{"name":"wp","href":"https:\/\/api.w.org\/{rel}","templated":true}]}}